4) + -7?
-13
Evaluate -12 - (15 + -13 + -4 + (2 - -1)).
-13
What is 5 + 1 - -1 - (-21 - 69 - -83)?
14
Evaluate (0 - 2) + -2 + -605 + 598.
-11
Calculate -1 + -1 + (6 - -1 - (7 + 6)).
-8
Evaluate -32 - (12 + (-4 - -7) - 29).
-18
Evaluate 15 + (7 + 1 - 42).
-19
Evaluate 9 - (23 + (-8 - 12)).
6
Evaluate (7 - (3 - -2)) + (-4 - (-1 - 6)).
5
Calculate 13 - (6 + -2 - 7 - (-7 + 0)).
9
Evaluate 5 - (-1 + (-1 - 2) + 0).
9
What is -4 + (-13 - -7) - (53 - 39)?
-24
-13 + 20 + (20 - 45)
-18
What is 16 + (-3 - -7) + -20?
0
Evaluate (2 - (-1 + -1)) + -29 + (-24 - -47).
-2
Calculate 8 + 0 - (-18 + 10 + 30) - 8.
-22
Evaluate -6 + (13 - 19) + 20 + -4.
4
What is -11 - (4 + -26 + (1 + -2 - -7))?
5
What is (-15 + 7 - 0) + -2?
-10
What is 3 + -6 + 3 + 6 - 4 - -1?
3
What is the value of 18 - (8 + 4 + 14)?
-8
What is the value of (-11 - (-31 - -24) - (0 - 11)) + -3?
4
(-4 - -18) + -10 + 5
9
Evaluate -4 + 14 - 3 - -6.
13
Evaluate -6 + (5 + -6 + 9 - -4 - -15).
21
What is the value of (-1 + -8 + -8 - -6) + -10?
-21
-8 + (0 - 0) + -13 - 8
-29
What is the value of -15 - (2 - -16 - (15 + 1))?
-17
What is the value of 2 - (-4 + 1) - (38 + -45)?
12
Calculate (1 - (14 + -26 + -22)) + -9.
26
Evaluate 1 + 0 - (0 + 26 + -24).
-1
Evaluate 55 + -58 - (3 - 0 - 2).
-4
What is the value of 2 - ((-5 - (3 - 1)) + 7 - -8)?
-6
Calculate -6 - (-1 + 2 - (9 - (-1 + 13))).
-10
What is the value of 19 + (-11 + 9 - (2 - -7))?
8
Calculate -1 - 5 - (1 - (0 - (-1 - 5))).
-1
What is -20 + 35 + -17 - 1?
-3
Calculate (75 - 61) + (1 - (-2 - -22)).
-5
What is the value of (-18 - (-4 + 3)) + (-4 - (13 - 15))?
-19
Calculate (8 - 20) + 34 + -12.
10
What is (-27 + 29 - (-4 - (0 + -6))) + 0?
0
What is the value of 13 + (-46 + -13 - -17) + (-2 - -1)?
-30
What is the value of (119 - 126) + (-1 - 12) + 7?
-13
What is (-45 - -22 - -10) + 21?
8
Calculate (-3 - 16) + (-2 - 7 - -12).
-16
0 + -4 + (-116 - -98) + (10 - 0)
-12
What is the value of -20 + -12 + 8 + -8 - (-6 + -1)?
-25
What is the value of -237 - -217 - (-1 - 18)?
-1
4 + (-6 - -19) + -15
2
What is the value of -1 + (27 - 32 - -18)?
12
What is 17 + (11 - (14 + -7) - (-3 - -6))?
18
What is the value of 2 + (4 - 21) + 3 + -7 + 10?
-9
What is -6 + 2 - (7 - (-1 + 4 + 23))?
15
What is -1 + 2 - 3 - -5 - (38 + -26)?
-9
Evaluate (-20 + 28 - -13) + -1.
20
(2 - 4) + 1 + 3 + (-23 - -23)
2
What is -7 - 1 - (2 + -4) - (14 - 22)?
2
What is the value of (-62 - (-8 - 9)) + 28?
-17
Calculate 155 + -161 - (-1 - -2) - (6 + 0).
-13
0 - 2 - (694 - 679)
-17
What is the value of (-28 + 4 - -8) + 1?
-15
What is the value of -12 + -2 + 16 + 16?
18
Calculate 8 + 4 + -13 + 1.
0
What is -11 + (4 - -15) + -6 + -12?
-10
What is -63 + 31 + (-10 - (4 + (-9 - -1)))?
-38
Evaluate 4 + -13 - (12 + -9) - (8 + -58).
38
1 - (46 - 42 - (2 + 5))
4
Calculate 8 + (8 + (2 - 7) - 9).
2
What is (9 + -10 + -3 - -4) + 2?
2
What is the value of -4 + (5 + -25 - -10) - -4?
-10
What is the value of -4 + (8 - (4 - 13 - (-6 - 17)))?
-10
What is the value of -11 - (-22 - (-19 + 4 - -22))?
18
Calculate (-12 - -32 - 9 - 7) + -4.
0
Evaluate (-3 + -13 + 25 - 38) + 10.
-19
What is the value of 2 + (0 - 6) + (-12 - (-33 + 18))?
-1
What is the value of (-4 - -1) + 65 + -78?
-16
Evaluate -69 - -71 - (11 + -2 + 0).
-7
-8 - -18 - 10 - (4 + 10)
-14
What is 9 - (3 + (14 - -2 - 1))?
-9
What is 1 + (-6 - -12 - 6 - (2 + 0))?
-1
What is (-3 - ((-7 - -2 - -4) + -9)) + 11?
18
What is the value of 0 + -21 - (184 - 184)?
-21
Calculate -1 - 11 - (12 + (-3 - 13)).
-8
Calculate (1 - 4 - -13) + (9 - -7 - 41).
-15
What is 0 + -3 + (10 - 4)?
3
What is the value of (5 - -3) + (-10 + 22 - 22)?
-2
Calculate -16 + (-1 - 10) + (1 - -28 - 22).
-20
Evaluate 4 + (-2 - -1) + (13 + -7 - 7).
2
What is -7 - (-1 - -10 - (112 + -110))?
-14
What is 5 - (5 - (-13 + (-6 - (3 - 6))))?
-16
Calculate (-102 + 74 - -36) + (-2 - (-3 - -1)).
8
1 - 17 - (-118 - -106)
-4
Calculate 40 - (37 - -9) - (-1 + -14).
9
What is (9 - -12 - 4) + (4 - 1 - -2)?
22
What is the value of (-5 - -5 - (1 + 5)) + 6?
0
Evaluate 19 - (20 + -17 - -46) - (1 + -9).
-22
What is the value of ((-9 - 0) + 7 - 6) + 9?
1
Calculate -11 + 0 + 15 + -7 + 11.
8
What is -6 + (-17 - -11) + 7 + -4 + 27?
18
Calculate -1 - -7 - (0 + 0 + 10 + -4).
0
Evaluate -10 + 6 - ((-2 - 1 - -3) + 0).
-4
What is 3 - (-12 - (-12 - (-21 - -14)))?
10
Evaluate -5 - (-2 + 24 + -2 + -5 + 3).
-23
What is -11 + 32 - (63 - 22)?
-20
14 + -3 + -5 + (-1 - -6)
11
Calculate (0 - -10) + (50 - 50) - 8.
2
Evaluate 17 - (27 + -13 + 10).
-7
What is the value of (19 - 31 - -26) + 5?
19
What is the value of (-3 + -5 - -51) + -30 + 23?
36
What is 6 + (-1 - 0) - (5 + -4)?
4
Calculate 24 + -26 - (0 + 7).
-9
Evaluate -8 + 1 + (2 - 3) + 24 + -22.
-6
What is the value of 5 - (5 + -9 - (22 - 30))?
1
What is the value of -10 - (1 - 4) - (2 - -4)?
-13
Calculate -2 + 19 - (38 + -31 - (-1 + 3)).
12
What is -1 + 7 - (-75 - (19 + -87))?
13
What is 2 + 6 - (-3 - (1 - 7 - -1))?
6
Calculate 0 + (-10 - -4) - (-1 - -10) - -5.
-10
What is the value of -9 - (-7 - ((-5 - 4) + 8))?
-3
-3 - (2 - (9 - -3)) - 20
-13
What is the value of 36 + -34 + -7 - -15?
10
-1707 + 1720 + (11 + -1 - (0 - -2))
21
What is the value of 32 + (-31 - -2) + -28?
-25
(30 + -43 - -38) + -32
-7
What is -59 + 49 - (14 + -6 + 3 + 1)?
-22
Evaluate -8 - -8 - 7 - (-1 + 0).
-6
Evaluate -16 + 11 + (15 - 21).
-11
83 + -69 - (42 - -3)
-31
6 - (6 - (4 + 2 + -5 + -1))
0
16 + 8 + 6 + 5 + -17
18
Calculate 7 + 0 - (8 + -7 + 2).
4
Evaluate 7 - (5 - 3 - (-32 + 26)).
-1
What is (-1 - -2) + -21 + -9 + 17?
-12
What is -4 + (-5 + 14 - (3 + 3 + -6))?
5
Evaluate 12 + -1 - (-2 + 10 - 3 - 0).
6
Evaluate (2 + 6 - 6 - -8) + -7.
3
Evaluate (24 - (5 - 4)) + -6 + 0.
17
(-3 + 5 - (-11 + 0)) + -9
4
Evaluate 2 - (-42 - (-10 + -18)).
16
Evaluate (12 - 11 - -3) + (-22 + 0 - 8).
-26
Evaluate -7 - -14 - (21 + -4).
-10
Calculate -6 + 5 + -5 - (11 + -2 + -11).
-4
Evaluate (-13 - (5 - (9 + -4))) + 25.
12
Calculate -2 + 8 + 10 + -12.
4
-10 + (-31 - -17) + 15
-9
4 - (9 - (3 + -10))
-12
What is the value of 59 - 63 - (-11 - -1 - (0 + -3))?
3
Evaluate -4 - -7 - ((6 - 3) + -1 + -2).
3
7 + (-5 + (-4 - -4 - -3) - -1)
6
2 + -3 - (-17 - (14 - 37))
-7
What is 1 - 0 - (-2 + 7 - 0)?
-4
0 + 0 + -6 - -1 - (-19 + 11)
3
What is the value of 3 + 10 + -4 + -9 + 2?
2
-11 + (-12 - (4 + -15 + 10))
-22
Calculate -42 + 62 + (-2 - 18).
0
35 + -36 - (-6 + 4 - -10)
-9
What is (8 - -2) + -47 + 38 - -3?
4
(-560 - -555) + (0 - 13)
-18
What is 8 + -16 - (-2 - 15)?
9
What is 1 + (-8 - -12) - (1 - -8)?
-4
Evaluate (-8 - -24) + -11 + 3.
8
(2 - -33) + -6 + 5
34
What is the value of -22 - (-35 + 8 + 7)?
-2
What is the value of (2 - (11 - (-1 - -1))) + -4?
-13
(-9 - ((4 - (4 + 0)) + -28)) + -10
9
-1 + -5 - (2 + -3 - (-73 - -74))
-4
What is (-26 - -22) + 16 + -7?
5
What is 25 - (4 + (4 - 16) + 13)?
20
What is the value of (-10 - (-24 - -14)) + (1 + -6 - -3)?
-2
Calculate (0 - -6) + 270 + -280 - 21.
-25
What is the value of -1 + -5 - (8 - (9 + -9 + -3))?
-17
-4 + (5 - (-1 - -8))
-6
What is the value of -3 + (0 - -8) + -18 + (-3 - -14)?
-2
Calculate -91 - -55 - (-30 - 1).
-5
Evaluate 135 + -141 - ((1 - 4) + 2).
-5
Calculate -39 + 15 - -2 - (-1 - (2 - 3)).
-22
8 - (21 - (-23 - -34))
-2
What is the value of -16 - ((-2 - -9) + 27 + -33)?
-17
Calculate -6 + -3 + (22 - 2).
11
Evaluate -35 - -7 - -8 - -3 - -6.
-11
What is -1 + -22 - (-27 + 20 + -24 + 38)?
-30
What is the value of -17 + 10 + 0 + 9?
2
Evaluate -5 + (-10 - (-4 + 21)).
-32
Evaluate 6 - (0 + (12 - (-3 - -1))).
-8
What is 3 + (0 - (5 + -7))?
5
Calculate -21 + 10 + 2 + -2 + 25.
14
What is the value of 13 + 25 + -5 + -13?
20
-37 - -27 - (-3 + -15) - (-1 - -14)
-5
Calculate (0 - -4) + (40 + -85 - -42).
1
Calculate (-1 - 0) + -4 + -17 + 18 - -3.
-1
What is the value of 12 + 14 + 1 + -29?
-2
What is the value of 9 + 10 + -18 - -8?
9
(86 - 105) + -9 + (1 - -5)
-22
Calculate 14 + (29 - 37 - 1).
5
Calculate 1 - 8 - (-31 + 17).
7
Evaluate 2 + -2 + (-8 - -3 - -2) + -3.
-6
What is the value of -35 + 69 + -19 + -34?
-19
-5 - (-13 + 6 + -16)
18
Calculate -6 + 2 + 26 + -20 + -14 + -1.
-13
0 + (-12 - -19) + 0
7
What is 7 + -36 - (-8 + -8)?
-13
What is the value of -2 + -15 + 2 + 8 - (30 - 7)?
-30
What is the value of (-7 - -3) + (2 - (-6 - -17)) - 2?
-15
What is the value of -35 - -4 - (4 + 17 + (-35 - -17))?
-34
